{"id":64,"date":"2020-12-05T17:01:29","date_gmt":"2020-12-05T17:01:29","guid":{"rendered":"https:\/\/www.kemianseurat.fi\/psks\/?page_id=64"},"modified":"2026-02-21T11:11:58","modified_gmt":"2026-02-21T11:11:58","slug":"johtokunta","status":"publish","type":"page","link":"https:\/\/www.kemianseurat.fi\/psks\/johtokunta\/","title":{"rendered":"Johtokunta"},"content":{"rendered":"<p>[et_pb_section fb_built=&#8221;1&#8243; fullwidth=&#8221;on&#8221; _builder_version=&#8221;4.16&#8243; background_image=&#8221;https:\/\/www.kemianseurat.fi\/psks\/wp-content\/uploads\/2020\/11\/pohjois-suomen-kemistiseura-PSKS.jpg&#8221; height=&#8221;200px&#8221; custom_padding=&#8221;||130px|||&#8221; global_colors_info=&#8221;{}&#8221;][\/et_pb_section][et_pb_section fb_built=&#8221;1&#8243; _builder_version=&#8221;4.27.5&#8243; custom_padding=&#8221;17px|||||&#8221; hover_enabled=&#8221;0&#8243; global_colors_info=&#8221;{}&#8221; sticky_enabled=&#8221;0&#8243;][et_pb_row _builder_version=&#8221;4.16&#8243; global_colors_info=&#8221;{}&#8221;][et_pb_column type=&#8221;4_4&#8243; _builder_version=&#8221;4.16&#8243; custom_padding=&#8221;|||&#8221; global_colors_info=&#8221;{}&#8221; custom_padding__hover=&#8221;|||&#8221;][et_pb_divider color=&#8221;#000000&#8243; divider_weight=&#8221;2px&#8221; _builder_version=&#8221;4.16&#8243; max_width=&#8221;100px&#8221; module_alignment=&#8221;center&#8221; global_colors_info=&#8221;{}&#8221;][\/et_pb_divider][et_pb_text _builder_version=&#8221;4.16&#8243; text_font=&#8221;Roboto|700|||||||&#8221; text_text_color=&#8221;#333333&#8243; text_font_size=&#8221;40px&#8221; header_font=&#8221;Roboto||||||||&#8221; header_text_color=&#8221;#000000&#8243; header_font_size=&#8221;40px&#8221; text_orientation=&#8221;center&#8221; background_layout=&#8221;dark&#8221; text_font_size_tablet=&#8221;35px&#8221; text_font_size_phone=&#8221;30px&#8221; text_font_size_last_edited=&#8221;on|desktop&#8221; header_font_size_tablet=&#8221;35px&#8221; header_font_size_phone=&#8221;30px&#8221; header_font_size_last_edited=&#8221;on|desktop&#8221; global_colors_info=&#8221;{}&#8221;]<\/p>\n<h1>Pohjois-Suomen Kemistiseuran johtokunta<\/h1>\n<p>[\/et_pb_text][et_pb_text admin_label=&#8221;Teksti&#8221; _builder_version=&#8221;4.27.5&#8243; text_font=&#8221;Roboto|300|||||||&#8221; text_text_color=&#8221;#333333&#8243; text_font_size=&#8221;20px&#8221; header_font=&#8221;||||||||&#8221; text_orientation=&#8221;center&#8221; background_layout=&#8221;dark&#8221; hover_enabled=&#8221;0&#8243; global_colors_info=&#8221;{}&#8221; sticky_enabled=&#8221;0&#8243;]<\/p>\n<p>2026<\/p>\n<p>[\/et_pb_text][\/et_pb_column][\/et_pb_row][et_pb_row column_structure=&#8221;1_3,1_3,1_3&#8243; admin_label=&#8221;Rivi&#8221; _builder_version=&#8221;4.27.4&#8243; _module_preset=&#8221;default&#8221; custom_padding=&#8221;||12px|||&#8221; global_colors_info=&#8221;{}&#8221;][et_pb_column _builder_version=&#8221;4.27.5&#8243; _module_preset=&#8221;default&#8221; type=&#8221;1_3&#8243;][\/et_pb_column][et_pb_column type=&#8221;1_3&#8243; _builder_version=&#8221;4.16&#8243; _module_preset=&#8221;default&#8221; global_colors_info=&#8221;{}&#8221;][et_pb_text _builder_version=&#8221;4.27.5&#8243; _module_preset=&#8221;default&#8221; text_font=&#8221;Roboto|300|||||||&#8221; text_text_color=&#8221;#000000&#8243; text_font_size=&#8221;16px&#8221; text_orientation=&#8221;center&#8221; hover_enabled=&#8221;0&#8243; global_colors_info=&#8221;{}&#8221; sticky_enabled=&#8221;0&#8243;]<\/p>\n<p style=\"text-align: center;\"><strong>Puheenjohtaja<\/strong><br \/>Lasse Rautio<br \/>puheenjohtaja.psks (at) gmail.com<br \/>+358 44 984 2084<\/p>\n<p><strong>Varapuheenjohtaja<\/strong><br \/>Sari Niittylampi<\/p>\n<p><strong>Sihteeri<\/strong><br \/>Teemu Tuovinen<br \/>sihteeri.psks (at) gmail.com<\/p>\n<p><strong>Taloudenhoitaja<\/strong><strong><br \/><\/strong>Immo Kervinen<\/p>\n<p><strong>Johtokunnan j\u00e4sen<\/strong><br \/>Sara Alan\u00e4r\u00e4<\/p>\n<p><strong>Johtokunnan j\u00e4sen<\/strong><br \/>Maria Kokko<\/p>\n<p><strong>Nuorten j\u00e4senten edustaja<br \/><\/strong>Matias Laitila<\/p>\n<p>[\/et_pb_text][\/et_pb_column][et_pb_column type=&#8221;1_3&#8243; _builder_version=&#8221;4.16&#8243; _module_preset=&#8221;default&#8221; global_colors_info=&#8221;{}&#8221;][\/et_pb_column][\/et_pb_row][et_pb_row _builder_version=&#8221;4.16&#8243; _module_preset=&#8221;default&#8221; global_colors_info=&#8221;{}&#8221;][et_pb_column type=&#8221;4_4&#8243; _builder_version=&#8221;4.16&#8243; _module_preset=&#8221;default&#8221; global_colors_info=&#8221;{}&#8221;][et_pb_text _builder_version=&#8221;4.27.5&#8243; _module_preset=&#8221;default&#8221; text_font=&#8221;Roboto|300|||||||&#8221; text_text_color=&#8221;#000000&#8243; text_font_size=&#8221;16px&#8221; text_orientation=&#8221;center&#8221; global_colors_info=&#8221;{}&#8221;]<\/p>\n<p>Lis\u00e4ksi\u00a0<strong>PSKS:n edustajana SKS:n hallituksessa<\/strong> toimii Tuomas Vielma, <br \/>joka on valittu SKS:n hallitukseen nelivuotiskaudeksi 2025-2028<\/p>\n<p>[\/et_pb_text][\/et_pb_column][\/et_pb_row][\/et_pb_section]<\/p>\n","protected":false},"excerpt":{"rendered":"<p>Pohjois-Suomen Kemistiseuran johtokunta2026PuheenjohtajaLasse Rautiopuheenjohtaja.psks (at) gmail.com+358 44 984 2084 VarapuheenjohtajaSari Niittylampi SihteeriTeemu Tuovinensihteeri.psks (at) gmail.com TaloudenhoitajaImmo Kervinen Johtokunnan j\u00e4senSara Alan\u00e4r\u00e4 Johtokunnan j\u00e4senMaria Kokko Nuorten j\u00e4senten edustajaMatias LaitilaLis\u00e4ksi\u00a0PSKS:n edustajana SKS:n hallituksessa toimii Tuomas Vielma, joka on valittu SKS:n hallitukseen nelivuotiskaudeksi 2025-2028<\/p>\n","protected":false},"author":1,"featured_media":0,"parent":0,"menu_order":0,"comment_status":"closed","ping_status":"closed","template":"","meta":{"_et_pb_use_builder":"on","_et_pb_old_content":"<h1 style=\"text-align: left;\">Vuoden 2021 johtokunta<\/h1>\r\n<a href=\"https:\/\/www.kemianseurat.fi\/psks\/wp-content\/uploads\/2021\/03\/PSKS-johtokunta.jpg\"><img class=\"alignnone size-medium wp-image-413 alignleft\" src=\"https:\/\/www.kemianseurat.fi\/psks\/wp-content\/uploads\/2021\/03\/PSKS-johtokunta-300x195.jpg\" alt=\"\" width=\"300\" height=\"195\" \/><\/a>","_et_gb_content_width":"","footnotes":""},"class_list":["post-64","page","type-page","status-publish","hentry"],"_links":{"self":[{"href":"https:\/\/www.kemianseurat.fi\/psks\/wp-json\/wp\/v2\/pages\/64","targetHints":{"allow":["GET"]}}],"collection":[{"href":"https:\/\/www.kemianseurat.fi\/psks\/wp-json\/wp\/v2\/pages"}],"about":[{"href":"https:\/\/www.kemianseurat.fi\/psks\/wp-json\/wp\/v2\/types\/page"}],"author":[{"embeddable":true,"href":"https:\/\/www.kemianseurat.fi\/psks\/wp-json\/wp\/v2\/users\/1"}],"replies":[{"embeddable":true,"href":"https:\/\/www.kemianseurat.fi\/psks\/wp-json\/wp\/v2\/comments?post=64"}],"version-history":[{"count":27,"href":"https:\/\/www.kemianseurat.fi\/psks\/wp-json\/wp\/v2\/pages\/64\/revisions"}],"predecessor-version":[{"id":649,"href":"https:\/\/www.kemianseurat.fi\/psks\/wp-json\/wp\/v2\/pages\/64\/revisions\/649"}],"wp:attachment":[{"href":"https:\/\/www.kemianseurat.fi\/psks\/wp-json\/wp\/v2\/media?parent=64"}],"curies":[{"name":"wp","href":"https:\/\/api.w.org\/{rel}","templated":true}]}}