{"id":264,"date":"2020-12-06T15:06:27","date_gmt":"2020-12-06T15:06:27","guid":{"rendered":"https:\/\/www.kemianseurat.fi\/psks\/?page_id=264"},"modified":"2026-02-21T11:18:02","modified_gmt":"2026-02-21T11:18:02","slug":"etusivu-2","status":"publish","type":"page","link":"https:\/\/www.kemianseurat.fi\/psks\/","title":{"rendered":"Etusivu"},"content":{"rendered":"<p>[et_pb_section fb_built=&#8221;1&#8243; fullwidth=&#8221;on&#8221; _builder_version=&#8221;4.16&#8243; _module_preset=&#8221;default&#8221; global_colors_info=&#8221;{}&#8221;][et_pb_fullwidth_slider use_text_overlay=&#8221;on&#8221; text_overlay_color=&#8221;rgba(0,0,0,0.3)&#8221; _builder_version=&#8221;4.16&#8243; _module_preset=&#8221;default&#8221; min_height=&#8221;1000px&#8221; min_height_tablet=&#8221;915px&#8221; min_height_phone=&#8221;370px&#8221; min_height_last_edited=&#8221;on|desktop&#8221; custom_margin=&#8221;0px||||false|false&#8221; custom_padding=&#8221;0px||||false|false&#8221; animation_style=&#8221;fade&#8221; auto=&#8221;on&#8221; auto_speed=&#8221;5500&#8243; global_colors_info=&#8221;{}&#8221;][et_pb_slide heading=&#8221;Pohjois-Suomen Kemistiseura&#8221; use_bg_overlay=&#8221;off&#8221; use_text_overlay=&#8221;on&#8221; _builder_version=&#8221;4.16&#8243; _module_preset=&#8221;default&#8221; header_font=&#8221;Roboto|700|||||||&#8221; header_font_size=&#8221;70px&#8221; background_enable_color=&#8221;off&#8221; background_image=&#8221;https:\/\/www.kemianseurat.fi\/psks\/wp-content\/uploads\/2020\/12\/Pohjois-suomen-Kemistiseuran-tapahtumia.jpg&#8221; background_enable_image=&#8221;on&#8221; text_orientation=&#8221;center&#8221; header_font_size_tablet=&#8221;60px&#8221; header_font_size_phone=&#8221;40px&#8221; header_font_size_last_edited=&#8221;on|phone&#8221; header_text_shadow_style=&#8221;preset1&#8243; global_colors_info=&#8221;{}&#8221; sticky_transition=&#8221;on&#8221;][\/et_pb_slide][et_pb_slide heading=&#8221;Pohjois-Suomen Kemistiseura&#8221; use_text_overlay=&#8221;on&#8221; text_overlay_color=&#8221;rgba(0,0,0,0.3)&#8221; _builder_version=&#8221;4.16&#8243; _module_preset=&#8221;default&#8221; header_font=&#8221;Roboto|700|||||||&#8221; header_font_size=&#8221;70px&#8221; background_enable_color=&#8221;off&#8221; background_image=&#8221;https:\/\/www.kemianseurat.fi\/psks\/wp-content\/uploads\/2020\/12\/pohjois-suomen-kemistiseura.jpg&#8221; background_enable_image=&#8221;on&#8221; header_font_size_tablet=&#8221;60px&#8221; header_font_size_phone=&#8221;40px&#8221; header_font_size_last_edited=&#8221;on|desktop&#8221; header_text_shadow_style=&#8221;preset1&#8243; global_colors_info=&#8221;{}&#8221; sticky_transition=&#8221;on&#8221;][\/et_pb_slide][et_pb_slide heading=&#8221;Pohjois-Suomen Kemistiseura&#8221; use_text_overlay=&#8221;on&#8221; text_overlay_color=&#8221;rgba(0,0,0,0.3)&#8221; _builder_version=&#8221;4.16&#8243; _module_preset=&#8221;default&#8221; header_font=&#8221;Roboto|700|||||||&#8221; header_font_size=&#8221;70px&#8221; background_enable_color=&#8221;off&#8221; background_image=&#8221;https:\/\/www.kemianseurat.fi\/psks\/wp-content\/uploads\/2020\/12\/pohjois-suomen-kemistiseuraan-jaseneksi.jpg&#8221; background_enable_image=&#8221;on&#8221; header_font_size_tablet=&#8221;60px&#8221; header_font_size_phone=&#8221;40px&#8221; header_font_size_last_edited=&#8221;on|desktop&#8221; header_text_shadow_style=&#8221;preset1&#8243; global_colors_info=&#8221;{}&#8221; sticky_transition=&#8221;on&#8221;][\/et_pb_slide][\/et_pb_fullwidth_slider][\/et_pb_section][et_pb_section fb_built=&#8221;1&#8243; _builder_version=&#8221;4.16&#8243; global_colors_info=&#8221;{}&#8221;][et_pb_row _builder_version=&#8221;4.16&#8243; width=&#8221;100%&#8221; max_width=&#8221;2560px&#8221; global_colors_info=&#8221;{}&#8221;][et_pb_column type=&#8221;4_4&#8243; _builder_version=&#8221;4.16&#8243; custom_padding=&#8221;|||&#8221; global_colors_info=&#8221;{}&#8221; custom_padding__hover=&#8221;|||&#8221;][et_pb_divider color=&#8221;#000000&#8243; divider_weight=&#8221;2px&#8221; _builder_version=&#8221;4.16&#8243; max_width=&#8221;100px&#8221; module_alignment=&#8221;center&#8221; global_colors_info=&#8221;{}&#8221;][\/et_pb_divider][et_pb_text _builder_version=&#8221;4.16&#8243; text_font=&#8221;Roboto|700|||||||&#8221; text_text_color=&#8221;#333333&#8243; text_font_size=&#8221;40px&#8221; header_font=&#8221;||||||||&#8221; header_2_text_color=&#8221;#000000&#8243; header_2_font_size=&#8221;33px&#8221; header_2_line_height=&#8221;1.4em&#8221; text_orientation=&#8221;center&#8221; background_layout=&#8221;dark&#8221; text_font_size_tablet=&#8221;35px&#8221; text_font_size_phone=&#8221;30px&#8221; text_font_size_last_edited=&#8221;on|phone&#8221; global_colors_info=&#8221;{}&#8221;]<\/p>\n<h2>Tervetuloa Pohjois-Suomen kemistiseuran sivustolle!<\/h2>\n<p>[\/et_pb_text][\/et_pb_column][\/et_pb_row][et_pb_row column_structure=&#8221;1_3,1_3,1_3&#8243; _builder_version=&#8221;4.20.0&#8243; transform_translate=&#8221;22px|0px&#8221; width=&#8221;100%&#8221; max_width=&#8221;1600px&#8221; custom_padding=&#8221;|56px||||&#8221; global_colors_info=&#8221;{}&#8221;][et_pb_column type=&#8221;1_3&#8243; _builder_version=&#8221;4.16&#8243; custom_padding=&#8221;|||&#8221; global_colors_info=&#8221;{}&#8221; custom_padding__hover=&#8221;|||&#8221;][et_pb_blurb title=&#8221;Yleist\u00e4&#8221; url=&#8221;https:\/\/www.kemianseurat.fi\/psks\/seura\/&#8221; image=&#8221;https:\/\/www.kemianseurat.fi\/psks\/wp-content\/uploads\/2020\/11\/Pohjois-suomen-kemistiseura-PSKS-Oulu.jpg&#8221; _builder_version=&#8221;4.16&#8243; header_font=&#8221;Roboto|700|||||||&#8221; header_text_color=&#8221;#000000&#8243; body_font=&#8221;Roboto||||||||&#8221; body_text_color=&#8221;555&#8243; custom_css_main_element=&#8221;box-shadow: 0 0 30px 0 rgba(0,0,0,.1);&#8221; global_colors_info=&#8221;{}&#8221;]<\/p>\n<p>Olemme Suomalaisten Kemistien Seuran (SKS ) paikallisseura.<\/p>\n<p>[\/et_pb_blurb][et_pb_button button_url=&#8221;https:\/\/www.kemianseurat.fi\/psks\/seura\/&#8221; button_text=&#8221;Tutustu&#8221; _builder_version=&#8221;4.16&#8243; _module_preset=&#8221;default&#8221; custom_button=&#8221;on&#8221; button_text_size=&#8221;22px&#8221; button_text_color=&#8221;#ffffff&#8221; button_bg_color=&#8221;#000000&#8243; button_font=&#8221;Lato||||||||&#8221; global_colors_info=&#8221;{}&#8221;][\/et_pb_button][et_pb_code _builder_version=&#8221;4.16&#8243; global_colors_info=&#8221;{}&#8221;]<\/p>\n<style>.et_pb_blurb.et_pb_text_align_left .et_pb_blurb_content .et_pb_blurb_container {<!-- [et_pb_line_break_holder] -->\ttext-align: left;<!-- [et_pb_line_break_holder] -->\tpadding-left: 10px !important;<!-- [et_pb_line_break_holder] -->\tpadding-right: 10px !important;<!-- [et_pb_line_break_holder] -->  padding-bottom: 20px !important;<!-- [et_pb_line_break_holder] -->}<!-- [et_pb_line_break_holder] -->.blurb-button {<!-- [et_pb_line_break_holder] -->\tbackground: #92278f;<!-- [et_pb_line_break_holder] -->\tborder-color: #92278f;<!-- [et_pb_line_break_holder] -->\tborder-radius: 0px;<!-- [et_pb_line_break_holder] -->\tfont-size: 20px;<!-- [et_pb_line_break_holder] -->\tfont-family: 'Roboto',Helvetica,Arial,Lucida,sans-serif !important;<!-- [et_pb_line_break_holder] -->\ttext-transform: uppercase !important;<!-- [et_pb_line_break_holder] -->\tbackground-color: #92278f;<!-- [et_pb_line_break_holder] -->\tcolor: #fff !important;<!-- [et_pb_line_break_holder] --><!-- [et_pb_line_break_holder] -->}<!-- [et_pb_line_break_holder] -->  .blurb-button:hover {<!-- [et_pb_line_break_holder] -->\tbackground: #FFC107 !important;<!-- [et_pb_line_break_holder] -->\tborder-color: #FFC107 !important;<!-- [et_pb_line_break_holder] --><!-- [et_pb_line_break_holder] -->}<!-- [et_pb_line_break_holder] --><!-- [et_pb_line_break_holder] -->  <!-- [et_pb_line_break_holder] -->.animate-bg .et_pb_text {  <!-- [et_pb_line_break_holder] -->   background-size:120%;<!-- [et_pb_line_break_holder] -->-webkit-transition: background-size 0.2s ease-in;<!-- [et_pb_line_break_holder] -->  -moz-transition: background-size 0.2s ease-in;<!-- [et_pb_line_break_holder] --> transition: background-size 0.2s ease-in;<!-- [et_pb_line_break_holder] -->-ms-transition: background-size 0.2s ease-in;<!-- [et_pb_line_break_holder] -->-o-transition: background-size 0.2s ease-in;<!-- [et_pb_line_break_holder] -->  }<!-- [et_pb_line_break_holder] -->  .animate-bg .et_pb_text:hover {<!-- [et_pb_line_break_holder] -->   background-size:150%;<!-- [et_pb_line_break_holder] -->  }<!-- [et_pb_line_break_holder] --><!-- [et_pb_line_break_holder] --><\/style>\n<p>[\/et_pb_code][\/et_pb_column][et_pb_column type=&#8221;1_3&#8243; _builder_version=&#8221;4.16&#8243; _module_preset=&#8221;default&#8221; global_colors_info=&#8221;{}&#8221;][et_pb_blurb title=&#8221;Johtokunta&#8221; url=&#8221;https:\/\/www.kemianseurat.fi\/psks\/johtokunta\/&#8221; image=&#8221;https:\/\/www.kemianseurat.fi\/psks\/wp-content\/uploads\/2020\/11\/Pohjois-suomen-kemistiseura-PSKS-Oulu.jpg&#8221; _builder_version=&#8221;4.27.5&#8243; header_font=&#8221;Roboto|700|||||||&#8221; header_text_color=&#8221;#000000&#8243; body_font=&#8221;Roboto||||||||&#8221; body_text_color=&#8221;555&#8243; custom_css_main_element=&#8221;box-shadow: 0 0 30px 0 rgba(0,0,0,.1);&#8221; global_colors_info=&#8221;{}&#8221; title_text=&#8221;Pohjois-suomen-kemistiseura PSKS Oulu&#8221;]<\/p>\n<p>Tutustu seuramme yhteyshenkil\u00f6ihin ja vuoden 2026 johtokuntaamme.<\/p>\n<p>[\/et_pb_blurb][et_pb_button button_url=&#8221;https:\/\/www.kemianseurat.fi\/psks\/johtokunta\/&#8221; button_text=&#8221;Tutustu&#8221; _builder_version=&#8221;4.16&#8243; _module_preset=&#8221;default&#8221; custom_button=&#8221;on&#8221; button_text_size=&#8221;22px&#8221; button_text_color=&#8221;#ffffff&#8221; button_bg_color=&#8221;#000000&#8243; button_font=&#8221;Lato||||||||&#8221; global_colors_info=&#8221;{}&#8221;][\/et_pb_button][\/et_pb_column][et_pb_column type=&#8221;1_3&#8243; _builder_version=&#8221;4.16&#8243; custom_padding=&#8221;|||&#8221; global_colors_info=&#8221;{}&#8221; custom_padding__hover=&#8221;|||&#8221;][et_pb_blurb title=&#8221;Kuvia tapahtumista&#8221; url=&#8221;https:\/\/www.kemianseurat.fi\/psks\/kuvia\/&#8221; image=&#8221;https:\/\/www.kemianseurat.fi\/psks\/wp-content\/uploads\/2020\/11\/pohjois-suomen-kemistiseura-kuvia-tapahtumista.jpg&#8221; _builder_version=&#8221;4.16&#8243; header_font=&#8221;Roboto|700|||||||&#8221; header_text_color=&#8221;#000000&#8243; body_font=&#8221;Roboto||||||||&#8221; body_text_color=&#8221;555&#8243; custom_css_main_element=&#8221;box-shadow: 0 0 30px 0 rgba(0,0,0,.1);&#8221; global_colors_info=&#8221;{}&#8221;]<\/p>\n<p>Kuva-arkistostamme l\u00f6ytyy kuvia menneist\u00e4 tapahtumista.<\/p>\n<p>[\/et_pb_blurb][et_pb_button button_url=&#8221;https:\/\/www.kemianseurat.fi\/psks\/kuvia\/&#8221; button_text=&#8221;Tutustu&#8221; _builder_version=&#8221;4.16&#8243; _module_preset=&#8221;default&#8221; custom_button=&#8221;on&#8221; button_text_size=&#8221;22px&#8221; button_text_color=&#8221;#ffffff&#8221; button_bg_color=&#8221;#000000&#8243; button_font=&#8221;Lato||||||||&#8221; global_colors_info=&#8221;{}&#8221;][\/et_pb_button][\/et_pb_column][\/et_pb_row][\/et_pb_section][et_pb_section fb_built=&#8221;1&#8243; _builder_version=&#8221;4.16&#8243; _module_preset=&#8221;default&#8221; global_colors_info=&#8221;{}&#8221;][et_pb_row _builder_version=&#8221;4.16&#8243; _module_preset=&#8221;default&#8221; max_width=&#8221;1600px&#8221; global_colors_info=&#8221;{}&#8221;][et_pb_column type=&#8221;4_4&#8243; _builder_version=&#8221;4.16&#8243; _module_preset=&#8221;default&#8221; global_colors_info=&#8221;{}&#8221;][et_pb_post_slider show_meta=&#8221;off&#8221; show_image=&#8221;off&#8221; _builder_version=&#8221;4.16&#8243; _module_preset=&#8221;default&#8221; background_color=&#8221;#000000&#8243; global_colors_info=&#8221;{}&#8221;][\/et_pb_post_slider][\/et_pb_column][\/et_pb_row][\/et_pb_section][et_pb_section fb_built=&#8221;1&#8243; fullwidth=&#8221;on&#8221; _builder_version=&#8221;4.16&#8243; background_enable_image=&#8221;off&#8221; collapsed=&#8221;on&#8221; global_colors_info=&#8221;{}&#8221;][et_pb_fullwidth_header title=&#8221;Pohjois-Suomen Kemistiseura &#8221; subhead=&#8221;PSKS on vuonna 1962 perustettu Suomalaisten Kemistien Seuran paikalliseura. Kotipaikkamme on Oulu.&#8221; text_orientation=&#8221;center&#8221; button_one_text=&#8221;Liity mukaan&#8221; button_one_url=&#8221;https:\/\/www.kemianseurat.fi\/psks\/seura\/#liity&#8221; background_overlay_color=&#8221;rgba(0,0,0,0.66)&#8221; _builder_version=&#8221;4.16&#8243; title_font=&#8221;Arial|700|||||||&#8221; title_font_size=&#8221;50px&#8221; title_letter_spacing=&#8221;1px&#8221; title_line_height=&#8221;1.5em&#8221; content_font=&#8221;||||||||&#8221; subhead_font=&#8221;Lato|500|||||||&#8221; subhead_font_size=&#8221;25px&#8221; subhead_letter_spacing=&#8221;1px&#8221; subhead_line_height=&#8221;1.5em&#8221; background_image=&#8221;https:\/\/www.kemianseurat.fi\/psks\/wp-content\/uploads\/2020\/11\/pohjois-suomen-kemistiseura-PSKS.jpg&#8221; custom_button_one=&#8221;on&#8221; button_one_text_size=&#8221;24px&#8221; button_one_text_color=&#8221;#ffffff&#8221; button_one_bg_color=&#8221;#000000&#8243; button_one_border_color=&#8221;#000000&#8243; button_one_border_radius=&#8221;10px&#8221; button_one_font=&#8221;Lato||||||||&#8221; button_one_use_icon=&#8221;off&#8221; custom_padding=&#8221;10%||10%||true&#8221; title_font_size_tablet=&#8221;40px&#8221; title_font_size_phone=&#8221;30px&#8221; title_font_size_last_edited=&#8221;on|phone&#8221; subhead_font_size_tablet=&#8221;20px&#8221; subhead_font_size_phone=&#8221;18px&#8221; subhead_font_size_last_edited=&#8221;on|phone&#8221; global_colors_info=&#8221;{}&#8221; button_one_border_color__hover_enabled=&#8221;on&#8221; button_one_border_color__hover=&#8221;#0c71c3&#8243; button_one_bg_color__hover_enabled=&#8221;on|hover&#8221; button_one_bg_color__hover=&#8221;#0c71c3&#8243; button_one_bg_enable_color__hover=&#8221;on&#8221;][\/et_pb_fullwidth_header][\/et_pb_section][et_pb_section fb_built=&#8221;1&#8243; _builder_version=&#8221;4.16&#8243; background_image=&#8221;https:\/\/www.kemianseurat.fi\/psks\/wp-content\/uploads\/2020\/11\/Liity-jaseneksi.jpg&#8221; parallax=&#8221;on&#8221; custom_padding=&#8221;10%||10%||true&#8221; collapsed=&#8221;on&#8221; global_colors_info=&#8221;{}&#8221;][et_pb_row column_structure=&#8221;1_2,1_2&#8243; padding_top_bottom_link_2=&#8221;true&#8221; padding_left_right_link_2=&#8221;true&#8221; _builder_version=&#8221;4.16&#8243; global_colors_info=&#8221;{}&#8221;][et_pb_column type=&#8221;1_2&#8243; _builder_version=&#8221;4.16&#8243; custom_padding=&#8221;|||&#8221; global_colors_info=&#8221;{}&#8221; custom_padding__hover=&#8221;|||&#8221;][\/et_pb_column][et_pb_column type=&#8221;1_2&#8243; _builder_version=&#8221;4.16&#8243; background_color=&#8221;rgba(18,25,33,0.51)&#8221; custom_padding=&#8221;5%|5%|5%|5%&#8221; global_colors_info=&#8221;{}&#8221; custom_padding__hover=&#8221;|||&#8221;][et_pb_text _builder_version=&#8221;4.16&#8243; text_font=&#8221;Roboto|700|||||||&#8221; text_text_color=&#8221;#FFFFFF&#8221; text_font_size=&#8221;35px&#8221; text_line_height=&#8221;1.2em&#8221; header_font=&#8221;||||||||&#8221; background_layout=&#8221;dark&#8221; text_font_size_tablet=&#8221;35px&#8221; text_font_size_phone=&#8221;30px&#8221; text_font_size_last_edited=&#8221;on|desktop&#8221; global_colors_info=&#8221;{}&#8221;]<\/p>\n<p>Oletko kemisti?<\/p>\n<p>[\/et_pb_text][et_pb_text _builder_version=&#8221;4.16&#8243; text_font=&#8221;Roboto|300|||||||&#8221; text_text_color=&#8221;#FFFFFF&#8221; text_font_size=&#8221;20px&#8221; text_line_height=&#8221;1.5em&#8221; header_font=&#8221;||||||||&#8221; background_layout=&#8221;dark&#8221; text_font_size_tablet=&#8221;16px&#8221; text_font_size_phone=&#8221;16px&#8221; text_font_size_last_edited=&#8221;on|phone&#8221; global_colors_info=&#8221;{}&#8221;]<\/p>\n<p>Liity j\u00e4seneksi ja tule mukaan verkostoitumaan muiden kemistien kanssa!<\/p>\n<p>[\/et_pb_text][et_pb_button button_url=&#8221;https:\/\/www.kemianseurat.fi\/psks\/seura\/#liity&#8221; button_text=&#8221;Lue lis\u00e4\u00e4&#8221; _builder_version=&#8221;4.16&#8243; custom_button=&#8221;on&#8221; button_text_color=&#8221;#000000&#8243; button_bg_color=&#8221;#ffffff&#8221; button_border_color=&#8221;#ffffff&#8221; button_border_radius=&#8221;0px&#8221; button_font=&#8221;||||||||&#8221; button_use_icon=&#8221;off&#8221; global_colors_info=&#8221;{}&#8221; button_bg_color__hover_enabled=&#8221;on|hover&#8221; button_bg_color__hover=&#8221;#ffffff&#8221; button_border_color__hover_enabled=&#8221;on&#8221; button_border_color__hover=&#8221;#ffffff&#8221; button_bg_enable_color__hover=&#8221;on&#8221;][\/et_pb_button][\/et_pb_column][\/et_pb_row][\/et_pb_section][et_pb_section fb_built=&#8221;1&#8243; _builder_version=&#8221;4.20.0&#8243; _module_preset=&#8221;default&#8221; transform_translate=&#8221;-6px|40px&#8221; min_height=&#8221;301.5px&#8221; custom_padding=&#8221;13px||30px|||&#8221; global_module=&#8221;345&#8243; saved_tabs=&#8221;all&#8221; collapsed=&#8221;off&#8221; global_colors_info=&#8221;{}&#8221;][et_pb_row _builder_version=&#8221;4.20.0&#8243; _module_preset=&#8221;default&#8221; global_colors_info=&#8221;{}&#8221;][et_pb_column type=&#8221;4_4&#8243; _builder_version=&#8221;4.20.0&#8243; _module_preset=&#8221;default&#8221; global_colors_info=&#8221;{}&#8221;][et_pb_text _builder_version=&#8221;4.20.0&#8243; _module_preset=&#8221;default&#8221; global_colors_info=&#8221;{}&#8221;]<\/p>\n<h2 style=\"text-align: center;\"><strong>Kannattajaj\u00e4senemme<\/strong><\/h2>\n<p>[\/et_pb_text][\/et_pb_column][\/et_pb_row][et_pb_row column_structure=&#8221;1_5,1_5,1_5,1_5,1_5&#8243; _builder_version=&#8221;4.16&#8243; _module_preset=&#8221;default&#8221; custom_padding=&#8221;12px|||||&#8221; global_colors_info=&#8221;{}&#8221;][et_pb_column type=&#8221;1_5&#8243; _builder_version=&#8221;4.16&#8243; _module_preset=&#8221;default&#8221; global_colors_info=&#8221;{}&#8221;][\/et_pb_column][et_pb_column type=&#8221;1_5&#8243; _builder_version=&#8221;4.16&#8243; _module_preset=&#8221;default&#8221; global_colors_info=&#8221;{}&#8221;][\/et_pb_column][et_pb_column type=&#8221;1_5&#8243; _builder_version=&#8221;4.17.4&#8243; _module_preset=&#8221;default&#8221; global_colors_info=&#8221;{}&#8221;][\/et_pb_column][et_pb_column type=&#8221;1_5&#8243; _builder_version=&#8221;4.16&#8243; _module_preset=&#8221;default&#8221; global_colors_info=&#8221;{}&#8221;][\/et_pb_column][et_pb_column type=&#8221;1_5&#8243; _builder_version=&#8221;4.16&#8243; _module_preset=&#8221;default&#8221; global_colors_info=&#8221;{}&#8221;][\/et_pb_column][\/et_pb_row][\/et_pb_section]<\/p>\n","protected":false},"excerpt":{"rendered":"<p>Tervetuloa Pohjois-Suomen kemistiseuran sivustolle!Olemme Suomalaisten Kemistien Seuran (SKS ) paikallisseura.Tutustu seuramme yhteyshenkil\u00f6ihin ja vuoden 2026 johtokuntaamme.Kuva-arkistostamme l\u00f6ytyy kuvia menneist\u00e4 tapahtumista.Oletko kemisti?Liity j\u00e4seneksi ja tule mukaan verkostoitumaan muiden kemistien kanssa!Kannattajaj\u00e4senemme<\/p>\n","protected":false},"author":1,"featured_media":0,"parent":0,"menu_order":0,"comment_status":"closed","ping_status":"closed","template":"","meta":{"_et_pb_use_builder":"on","_et_pb_old_content":"","_et_gb_content_width":"","footnotes":""},"class_list":["post-264","page","type-page","status-publish","hentry"],"_links":{"self":[{"href":"https:\/\/www.kemianseurat.fi\/psks\/wp-json\/wp\/v2\/pages\/264","targetHints":{"allow":["GET"]}}],"collection":[{"href":"https:\/\/www.kemianseurat.fi\/psks\/wp-json\/wp\/v2\/pages"}],"about":[{"href":"https:\/\/www.kemianseurat.fi\/psks\/wp-json\/wp\/v2\/types\/page"}],"author":[{"embeddable":true,"href":"https:\/\/www.kemianseurat.fi\/psks\/wp-json\/wp\/v2\/users\/1"}],"replies":[{"embeddable":true,"href":"https:\/\/www.kemianseurat.fi\/psks\/wp-json\/wp\/v2\/comments?post=264"}],"version-history":[{"count":47,"href":"https:\/\/www.kemianseurat.fi\/psks\/wp-json\/wp\/v2\/pages\/264\/revisions"}],"predecessor-version":[{"id":651,"href":"https:\/\/www.kemianseurat.fi\/psks\/wp-json\/wp\/v2\/pages\/264\/revisions\/651"}],"wp:attachment":[{"href":"https:\/\/www.kemianseurat.fi\/psks\/wp-json\/wp\/v2\/media?parent=264"}],"curies":[{"name":"wp","href":"https:\/\/api.w.org\/{rel}","templated":true}]}}